{"id":141,"date":"2024-07-07T19:05:18","date_gmt":"2024-07-07T19:05:18","guid":{"rendered":"https:\/\/aydanoyuncaklar.com\/?page_id=141"},"modified":"2024-07-07T19:05:20","modified_gmt":"2024-07-07T19:05:20","slug":"hakkimizda","status":"publish","type":"page","link":"https:\/\/aydanoyuncaklar.com\/?page_id=141","title":{"rendered":"Hakk\u0131m\u0131zda"},"content":{"rendered":"\n<p>Aydanoyuncaklar.com olarak, \u00e7ocuklar\u0131n hayal g\u00fcc\u00fcn\u00fc geli\u015ftiren, e\u011flenceli ve kaliteli oyuncaklar\u0131 sizlere sunmay\u0131 hedefliyoruz. E-ticaret sitemizi Eyl\u00fcl 2024&#8217;te aktif sat\u0131\u015fa ge\u00e7irmeyi planl\u0131yoruz. Bu tarihe kadar, dijital platformlarda sizlerle bulu\u015faca\u011f\u0131z ve \u00fcr\u00fcnlerimiz hakk\u0131nda bilgi payla\u015faca\u011f\u0131z.<\/p>\n\n\n\n<p>Amac\u0131m\u0131z, \u00e7ocuklar\u0131n\u0131z\u0131n geli\u015fimine katk\u0131da bulunacak en iyi oyuncaklar\u0131 sunmak ve al\u0131\u015fveri\u015f deneyiminizi en \u00fcst d\u00fczeyde tutmakt\u0131r. M\u00fc\u015fteri memnuniyeti bizim i\u00e7in her zaman \u00f6nceliklidir ve bu do\u011frultuda sizlere en iyi hizmeti vermek i\u00e7in \u00e7al\u0131\u015f\u0131yoruz.<\/p>\n\n\n\n<p>Bizimle ileti\u015fime ge\u00e7mek veya daha fazla bilgi almak i\u00e7in <a>info@aydanoyuncaklar.com<\/a> adresinden bize ula\u015fabilirsiniz.<\/p>\n\n\n\n<p>Sevgilerimizle,<\/p>\n\n\n\n<p>Aydanoyuncaklar.com Ekibi<\/p>\n","protected":false},"excerpt":{"rendered":"<p>Aydanoyuncaklar.com olarak, \u00e7ocuklar\u0131n hayal g\u00fcc\u00fcn\u00fc geli\u015ftiren, e\u011flenceli ve kaliteli oyuncaklar\u0131 sizlere sunmay\u0131 hedefliyoruz. E-ticaret sitemizi Eyl\u00fcl 2024&#8217;te aktif sat\u0131\u015fa ge\u00e7irmeyi planl\u0131yoruz. Bu tarihe kadar, dijital platformlarda sizlerle bulu\u015faca\u011f\u0131z ve \u00fcr\u00fcnlerimiz hakk\u0131nda bilgi payla\u015faca\u011f\u0131z. Amac\u0131m\u0131z, \u00e7ocuklar\u0131n\u0131z\u0131n geli\u015fimine katk\u0131da bulunacak en iyi oyuncaklar\u0131 sunmak ve al\u0131\u015fveri\u015f deneyiminizi en \u00fcst d\u00fczeyde tutmakt\u0131r. M\u00fc\u015fteri memnuniyeti bizim i\u00e7in her zaman&#8230;<\/p>\n","protected":false},"author":1,"featured_media":0,"parent":0,"menu_order":0,"comment_status":"closed","ping_status":"closed","template":"","meta":{"_kad_post_transparent":"","_kad_post_title":"","_kad_post_layout":"","_kad_post_sidebar_id":"","_kad_post_content_style":"","_kad_post_vertical_padding":"","_kad_post_feature":"","_kad_post_feature_position":"","_kad_post_header":false,"_kad_post_footer":false,"footnotes":""},"class_list":["post-141","page","type-page","status-publish","hentry"],"_links":{"self":[{"href":"https:\/\/aydanoyuncaklar.com\/index.php?rest_route=\/wp\/v2\/pages\/141","targetHints":{"allow":["GET"]}}],"collection":[{"href":"https:\/\/aydanoyuncaklar.com\/index.php?rest_route=\/wp\/v2\/pages"}],"about":[{"href":"https:\/\/aydanoyuncaklar.com\/index.php?rest_route=\/wp\/v2\/types\/page"}],"author":[{"embeddable":true,"href":"https:\/\/aydanoyuncaklar.com\/index.php?rest_route=\/wp\/v2\/users\/1"}],"replies":[{"embeddable":true,"href":"https:\/\/aydanoyuncaklar.com\/index.php?rest_route=%2Fwp%2Fv2%2Fcomments&post=141"}],"version-history":[{"count":1,"href":"https:\/\/aydanoyuncaklar.com\/index.php?rest_route=\/wp\/v2\/pages\/141\/revisions"}],"predecessor-version":[{"id":142,"href":"https:\/\/aydanoyuncaklar.com\/index.php?rest_route=\/wp\/v2\/pages\/141\/revisions\/142"}],"wp:attachment":[{"href":"https:\/\/aydanoyuncaklar.com\/index.php?rest_route=%2Fwp%2Fv2%2Fmedia&parent=141"}],"curies":[{"name":"wp","href":"https:\/\/api.w.org\/{rel}","templated":true}]}}