{"id":134,"date":"2024-07-07T18:52:33","date_gmt":"2024-07-07T18:52:33","guid":{"rendered":"https:\/\/aydanoyuncaklar.com\/?page_id=134"},"modified":"2024-07-07T18:52:34","modified_gmt":"2024-07-07T18:52:34","slug":"mesafeli-satis-sozlesmesi","status":"publish","type":"page","link":"https:\/\/aydanoyuncaklar.com\/?page_id=134","title":{"rendered":"MESAFEL\u0130 SATI\u015e S\u00d6ZLE\u015eMES\u0130"},"content":{"rendered":"\n<p>(Toplu sat\u0131\u015flarda d\u00fczenlendikten sonra \u00e7\u0131kt\u0131 al\u0131narak \u0131slak imzal\u0131 olarak tamamlanacakt\u0131r.)<\/p>\n\n\n\n<p><strong>1. TARAFLAR<\/strong><\/p>\n\n\n\n<p><strong>1.1. Sat\u0131c\u0131<\/strong><\/p>\n\n\n\n<ul class=\"wp-block-list\">\n<li>\u00dcnvan: Aydanoyuncaklar.com<\/li>\n\n\n\n<li>Adres: Bayrakl\u0131 &#8211; \u0130ZM\u0130R<\/li>\n\n\n\n<li>Firman\u0131n Telefon Numaras\u0131 .+90 .0.505.688 8535<\/li>\n\n\n\n<li>E-posta: <a>info@aydanoyuncaklar.com<\/a><\/li>\n<\/ul>\n\n\n\n<p><strong>1.2. Al\u0131c\u0131<\/strong><\/p>\n\n\n\n<ul class=\"wp-block-list\">\n<li>Ad\u0131\/Soyad\u0131: [Al\u0131c\u0131n\u0131n Ad\u0131 Soyad\u0131]<\/li>\n\n\n\n<li>Adres: [Al\u0131c\u0131n\u0131n Adresi]<\/li>\n\n\n\n<li>Telefon: [Al\u0131c\u0131n\u0131n Telefon Numaras\u0131]<\/li>\n\n\n\n<li>E-posta: [Al\u0131c\u0131n\u0131n E-posta Adresi]<\/li>\n<\/ul>\n\n\n\n<p><strong>2. S\u00d6ZLE\u015eMEN\u0130N KONUSU<\/strong><\/p>\n\n\n\n<p>\u0130\u015fbu s\u00f6zle\u015fmenin konusu, Sat\u0131c\u0131&#8217;n\u0131n, Al\u0131c\u0131&#8217;ya satm\u0131\u015f oldu\u011fu a\u015fa\u011f\u0131da nitelikleri ve sat\u0131\u015f fiyat\u0131 belirtilen \u00fcr\u00fcn\u00fcn sat\u0131\u015f\u0131 ve teslimi ile ilgili olarak 6502 say\u0131l\u0131 T\u00fcketicinin Korunmas\u0131 Hakk\u0131nda Kanun ve Mesafeli S\u00f6zle\u015fmelere Dair Y\u00f6netmelik h\u00fck\u00fcmleri gere\u011fince taraflar\u0131n hak ve y\u00fck\u00fcml\u00fcl\u00fcklerinin belirlenmesidir.<\/p>\n\n\n\n<p><strong>3. \u00dcR\u00dcN B\u0130LG\u0130LER\u0130<\/strong><\/p>\n\n\n\n<p>\u00dcr\u00fcn(ler):<\/p>\n\n\n\n<ul class=\"wp-block-list\">\n<li>\u00dcr\u00fcn Ad\u0131: [\u00dcr\u00fcn Ad\u0131]<\/li>\n\n\n\n<li>\u00dcr\u00fcn Kodu: [\u00dcr\u00fcn Kodu]<\/li>\n\n\n\n<li>Adet: [\u00dcr\u00fcn Adeti]<\/li>\n\n\n\n<li>Sat\u0131\u015f Fiyat\u0131: [\u00dcr\u00fcn Fiyat\u0131]<\/li>\n\n\n\n<li>KDV: [KDV Tutar\u0131]<\/li>\n\n\n\n<li>Kargo \u00dccreti: [Kargo \u00dccreti]<\/li>\n\n\n\n<li>Toplam: [Toplam Tutar]<\/li>\n<\/ul>\n\n\n\n<p><strong>4. GENEL H\u00dcK\u00dcMLER<\/strong><\/p>\n\n\n\n<p>4.1. Al\u0131c\u0131, 3. maddede belirtilen \u00fcr\u00fcn(lerin) nitelikleri, sat\u0131\u015f fiyat\u0131 ve \u00f6deme \u015fekli ile ilgili t\u00fcm bilgileri okuyup bilgi sahibi oldu\u011funu ve elektronik ortamda gerekli teyidi verdi\u011fini beyan eder.<\/p>\n\n\n\n<p>4.2. \u00dcr\u00fcn(ler), i\u015fbu s\u00f6zle\u015fmenin Al\u0131c\u0131 taraf\u0131ndan elektronik ortamda onaylanmas\u0131ndan itibaren [teslimat s\u00fcresi] g\u00fcn i\u00e7erisinde Al\u0131c\u0131&#8217;ya teslim edilir. Her hal\u00fckarda bu s\u00fcre, 30 g\u00fcn\u00fc ge\u00e7emez.<\/p>\n\n\n\n<p>4.3. \u00dcr\u00fcn(ler), Al\u0131c\u0131&#8217;n\u0131n sipari\u015f formunda belirtti\u011fi adrese ve belirtilen yetkili ki\u015fi\/ki\u015filere teslim edilir.<\/p>\n\n\n\n<p>4.4. Sat\u0131c\u0131, sipari\u015f konusu \u00fcr\u00fcn(ler)in sa\u011flam, eksiksiz, sipari\u015fte belirtilen niteliklere uygun ve varsa garanti belgeleri ve kullan\u0131m k\u0131lavuzlar\u0131 ile birlikte teslim edilmesinden sorumludur.<\/p>\n\n\n\n<p>4.5. \u00dcr\u00fcn(ler)in teslimat\u0131 an\u0131nda Al\u0131c\u0131 taraf\u0131ndan kontrol edilmesi ve hasarl\u0131 veya eksik \u00fcr\u00fcn(ler)in tespit edilmesi durumunda kargo yetkilisine tutanak tutturulmas\u0131 gerekmektedir. Aksi takdirde Sat\u0131c\u0131 sorumluluk kabul etmeyecektir.<\/p>\n\n\n\n<p><strong>5. CAYMA HAKKI<\/strong><\/p>\n\n\n\n<p>5.1. Al\u0131c\u0131, \u00fcr\u00fcn\u00fc teslim ald\u0131\u011f\u0131 tarihten itibaren 14 (on d\u00f6rt) g\u00fcn i\u00e7erisinde herhangi bir gerek\u00e7e g\u00f6stermeksizin ve cezai \u015fart \u00f6demeksizin cayma hakk\u0131n\u0131 kullanabilir.<\/p>\n\n\n\n<p>5.2. Cayma hakk\u0131n\u0131n kullan\u0131lmas\u0131 i\u00e7in bu s\u00fcre i\u00e7inde Sat\u0131c\u0131&#8217;ya yaz\u0131l\u0131 olarak bildirimde bulunulmas\u0131 ve \u00fcr\u00fcn\u00fcn kullan\u0131lmam\u0131\u015f, hasars\u0131z ve orijinal ambalaj\u0131nda olmas\u0131 \u015fartt\u0131r.<\/p>\n\n\n\n<p>5.3. Cayma hakk\u0131n\u0131n kullan\u0131lmas\u0131 halinde, iade edilen \u00fcr\u00fcn(ler)in Sat\u0131c\u0131&#8217;ya ula\u015fmas\u0131ndan itibaren 14 g\u00fcn i\u00e7inde \u00fcr\u00fcn bedeli Al\u0131c\u0131&#8217;ya iade edilir. \u0130ade kargo \u00fccreti Al\u0131c\u0131&#8217;ya aittir.<\/p>\n\n\n\n<p><strong>6. UYU\u015eMAZLIKLARIN \u00c7\u00d6Z\u00dcM\u00dc<\/strong><\/p>\n\n\n\n<p>\u0130\u015fbu s\u00f6zle\u015fmeden do\u011fabilecek uyu\u015fmazl\u0131klarda, T\u00fcketici Hakem Heyetleri ve T\u00fcketici Mahkemeleri yetkilidir.<\/p>\n\n\n\n<p><strong>7. Y\u00dcR\u00dcRL\u00dcK<\/strong><\/p>\n\n\n\n<p>\u0130\u015fbu s\u00f6zle\u015fme, Al\u0131c\u0131 taraf\u0131ndan elektronik ortamda onaylanmakla y\u00fcr\u00fcrl\u00fc\u011fe girer.<\/p>\n\n\n\n<p><strong>8. \u0130LET\u0130\u015e\u0130M B\u0130LG\u0130LER\u0130<\/strong><\/p>\n\n\n\n<p>Sat\u0131c\u0131:<\/p>\n\n\n\n<ul class=\"wp-block-list\">\n<li>\u00dcnvan: Aydanoyuncaklar.com<\/li>\n\n\n\n<li>Adres: Bayrakl\u0131 &#8211; \u0130ZM\u0130R<\/li>\n\n\n\n<li>Telefon: +90.505.688 8535<\/li>\n\n\n\n<li>E-posta: <a>info@aydanoyuncaklar.com<\/a><\/li>\n<\/ul>\n\n\n\n<p>Al\u0131c\u0131:<\/p>\n\n\n\n<ul class=\"wp-block-list\">\n<li>Ad\u0131\/Soyad\u0131: [Al\u0131c\u0131n\u0131n Ad\u0131 Soyad\u0131]<\/li>\n\n\n\n<li>Adres: [Al\u0131c\u0131n\u0131n Adresi]<\/li>\n\n\n\n<li>Telefon: [Al\u0131c\u0131n\u0131n Telefon Numaras\u0131]<\/li>\n\n\n\n<li>E-posta: [Al\u0131c\u0131n\u0131n E-posta Adresi]<\/li>\n<\/ul>\n","protected":false},"excerpt":{"rendered":"<p>(Toplu sat\u0131\u015flarda d\u00fczenlendikten sonra \u00e7\u0131kt\u0131 al\u0131narak \u0131slak imzal\u0131 olarak tamamlanacakt\u0131r.) 1. TARAFLAR 1.1. Sat\u0131c\u0131 1.2. Al\u0131c\u0131 2. S\u00d6ZLE\u015eMEN\u0130N KONUSU \u0130\u015fbu s\u00f6zle\u015fmenin konusu, Sat\u0131c\u0131&#8217;n\u0131n, Al\u0131c\u0131&#8217;ya satm\u0131\u015f oldu\u011fu a\u015fa\u011f\u0131da nitelikleri ve sat\u0131\u015f fiyat\u0131 belirtilen \u00fcr\u00fcn\u00fcn sat\u0131\u015f\u0131 ve teslimi ile ilgili olarak 6502 say\u0131l\u0131 T\u00fcketicinin Korunmas\u0131 Hakk\u0131nda Kanun ve Mesafeli S\u00f6zle\u015fmelere Dair Y\u00f6netmelik h\u00fck\u00fcmleri gere\u011fince taraflar\u0131n hak ve&#8230;<\/p>\n","protected":false},"author":1,"featured_media":0,"parent":0,"menu_order":0,"comment_status":"closed","ping_status":"closed","template":"","meta":{"_kad_post_transparent":"","_kad_post_title":"","_kad_post_layout":"","_kad_post_sidebar_id":"","_kad_post_content_style":"","_kad_post_vertical_padding":"","_kad_post_feature":"","_kad_post_feature_position":"","_kad_post_header":false,"_kad_post_footer":false,"footnotes":""},"class_list":["post-134","page","type-page","status-publish","hentry"],"_links":{"self":[{"href":"https:\/\/aydanoyuncaklar.com\/index.php?rest_route=\/wp\/v2\/pages\/134","targetHints":{"allow":["GET"]}}],"collection":[{"href":"https:\/\/aydanoyuncaklar.com\/index.php?rest_route=\/wp\/v2\/pages"}],"about":[{"href":"https:\/\/aydanoyuncaklar.com\/index.php?rest_route=\/wp\/v2\/types\/page"}],"author":[{"embeddable":true,"href":"https:\/\/aydanoyuncaklar.com\/index.php?rest_route=\/wp\/v2\/users\/1"}],"replies":[{"embeddable":true,"href":"https:\/\/aydanoyuncaklar.com\/index.php?rest_route=%2Fwp%2Fv2%2Fcomments&post=134"}],"version-history":[{"count":1,"href":"https:\/\/aydanoyuncaklar.com\/index.php?rest_route=\/wp\/v2\/pages\/134\/revisions"}],"predecessor-version":[{"id":135,"href":"https:\/\/aydanoyuncaklar.com\/index.php?rest_route=\/wp\/v2\/pages\/134\/revisions\/135"}],"wp:attachment":[{"href":"https:\/\/aydanoyuncaklar.com\/index.php?rest_route=%2Fwp%2Fv2%2Fmedia&parent=134"}],"curies":[{"name":"wp","href":"https:\/\/api.w.org\/{rel}","templated":true}]}}